{"id":133,"date":"2023-08-30T16:53:08","date_gmt":"2023-08-30T14:53:08","guid":{"rendered":"https:\/\/mairie-bouchoir.fr\/?page_id=133"},"modified":"2023-09-01T17:08:23","modified_gmt":"2023-09-01T15:08:23","slug":"des-vues-du-village","status":"publish","type":"page","link":"https:\/\/mairie-bouchoir.fr\/?page_id=133","title":{"rendered":"Des vues du village"},"content":{"rendered":"\n<h2 class=\"wp-block-heading\" id=\"a1\">La Mairie<\/h2>\n\n\n\n<p>Le groupe Cleophas Turcq, Maire de Bouchoir de 1906 \u00e0 1939, comprend la Mairie, l&rsquo;\u00e9cole et les logements des instituteurs.<\/p>\n\n\n\n<p><\/p>\n\n\n\n<figure class=\"wp-block-image size-large\"><img decoding=\"async\" src=\"http:\/\/localhost\/wordpress%20essai1\/wp-content\/uploads\/2023\/08\/Mairie_ensemble-1024x346.jpg\" alt=\"\" class=\"wp-image-103\"\/><\/figure>\n\n\n\n<figure class=\"wp-block-gallery has-nested-images columns-default is-cropped wp-block-gallery-1 is-layout-flex wp-block-gallery-is-layout-flex\">\n<figure class=\"wp-block-image size-large\"><img loading=\"lazy\" decoding=\"async\" width=\"400\" height=\"533\" data-id=\"149\" src=\"https:\/\/mairie-bouchoir.fr\/wp-content\/uploads\/2023\/09\/Mairie_Seuil.jpg\" alt=\"\" class=\"wp-image-149\" srcset=\"https:\/\/mairie-bouchoir.fr\/wp-content\/uploads\/2023\/09\/Mairie_Seuil.jpg 400w, https:\/\/mairie-bouchoir.fr\/wp-content\/uploads\/2023\/09\/Mairie_Seuil-225x300.jpg 225w\" sizes=\"auto, (max-width: 400px) 100vw, 400px\" \/><\/figure>\n\n\n\n<figure class=\"wp-block-image size-large\"><img loading=\"lazy\" decoding=\"async\" width=\"400\" height=\"300\" data-id=\"148\" src=\"https:\/\/mairie-bouchoir.fr\/wp-content\/uploads\/2023\/09\/Mairie_Fronton.jpg\" alt=\"\" class=\"wp-image-148\" style=\"aspect-ratio:1;object-fit:cover\" srcset=\"https:\/\/mairie-bouchoir.fr\/wp-content\/uploads\/2023\/09\/Mairie_Fronton.jpg 400w, https:\/\/mairie-bouchoir.fr\/wp-content\/uploads\/2023\/09\/Mairie_Fronton-300x225.jpg 300w\" sizes=\"auto, (max-width: 400px) 100vw, 400px\" \/><\/figure>\n<\/figure>\n\n\n\n<p>Le monument aux morts<\/p>\n\n\n<div class=\"wp-block-image\">\n<figure class=\"aligncenter size-large is-resized\"><img loading=\"lazy\" decoding=\"async\" src=\"https:\/\/mairie-bouchoir.fr\/wp-content\/uploads\/2023\/09\/monument_aux_morts_1-1024x768.jpg\" alt=\"\" class=\"wp-image-150\" style=\"width:340px;height:255px\" width=\"340\" height=\"255\" srcset=\"https:\/\/mairie-bouchoir.fr\/wp-content\/uploads\/2023\/09\/monument_aux_morts_1-1024x768.jpg 1024w, https:\/\/mairie-bouchoir.fr\/wp-content\/uploads\/2023\/09\/monument_aux_morts_1-300x225.jpg 300w, https:\/\/mairie-bouchoir.fr\/wp-content\/uploads\/2023\/09\/monument_aux_morts_1-768x576.jpg 768w, https:\/\/mairie-bouchoir.fr\/wp-content\/uploads\/2023\/09\/monument_aux_morts_1-1536x1152.jpg 1536w, https:\/\/mairie-bouchoir.fr\/wp-content\/uploads\/2023\/09\/monument_aux_morts_1-2048x1536.jpg 2048w\" sizes=\"auto, (max-width: 340px) 100vw, 340px\" \/><\/figure>\n<\/div>\n\n\n<figure class=\"wp-block-gallery has-nested-images columns-default is-cropped wp-block-gallery-2 is-layout-flex wp-block-gallery-is-layout-flex\">\n<figure class=\"wp-block-image size-large\"><img loading=\"lazy\" decoding=\"async\" width=\"1024\" height=\"874\" data-id=\"152\" src=\"https:\/\/mairie-bouchoir.fr\/wp-content\/uploads\/2023\/09\/monument_aux_morts_3-1024x874.jpg\" alt=\"\" class=\"wp-image-152\" srcset=\"https:\/\/mairie-bouchoir.fr\/wp-content\/uploads\/2023\/09\/monument_aux_morts_3-1024x874.jpg 1024w, https:\/\/mairie-bouchoir.fr\/wp-content\/uploads\/2023\/09\/monument_aux_morts_3-300x256.jpg 300w, https:\/\/mairie-bouchoir.fr\/wp-content\/uploads\/2023\/09\/monument_aux_morts_3-768x656.jpg 768w, https:\/\/mairie-bouchoir.fr\/wp-content\/uploads\/2023\/09\/monument_aux_morts_3-1536x1312.jpg 1536w, https:\/\/mairie-bouchoir.fr\/wp-content\/uploads\/2023\/09\/monument_aux_morts_3-2048x1749.jpg 2048w\" sizes=\"auto, (max-width: 1024px) 100vw, 1024px\" \/><\/figure>\n\n\n\n<figure class=\"wp-block-image size-large\"><img loading=\"lazy\" decoding=\"async\" width=\"1024\" height=\"861\" data-id=\"151\" src=\"https:\/\/mairie-bouchoir.fr\/wp-content\/uploads\/2023\/09\/monument_aux_morts_2-1024x861.jpg\" alt=\"\" class=\"wp-image-151\" srcset=\"https:\/\/mairie-bouchoir.fr\/wp-content\/uploads\/2023\/09\/monument_aux_morts_2-1024x861.jpg 1024w, https:\/\/mairie-bouchoir.fr\/wp-content\/uploads\/2023\/09\/monument_aux_morts_2-300x252.jpg 300w, https:\/\/mairie-bouchoir.fr\/wp-content\/uploads\/2023\/09\/monument_aux_morts_2-768x646.jpg 768w, https:\/\/mairie-bouchoir.fr\/wp-content\/uploads\/2023\/09\/monument_aux_morts_2-1536x1291.jpg 1536w, https:\/\/mairie-bouchoir.fr\/wp-content\/uploads\/2023\/09\/monument_aux_morts_2.jpg 1752w\" sizes=\"auto, (max-width: 1024px) 100vw, 1024px\" \/><\/figure>\n\n\n\n<figure class=\"wp-block-image size-large\"><img loading=\"lazy\" decoding=\"async\" width=\"1024\" height=\"885\" data-id=\"153\" src=\"https:\/\/mairie-bouchoir.fr\/wp-content\/uploads\/2023\/09\/monument_aux_morts_4-1024x885.jpg\" alt=\"\" class=\"wp-image-153\" srcset=\"https:\/\/mairie-bouchoir.fr\/wp-content\/uploads\/2023\/09\/monument_aux_morts_4-1024x885.jpg 1024w, https:\/\/mairie-bouchoir.fr\/wp-content\/uploads\/2023\/09\/monument_aux_morts_4-300x259.jpg 300w, https:\/\/mairie-bouchoir.fr\/wp-content\/uploads\/2023\/09\/monument_aux_morts_4-768x663.jpg 768w, https:\/\/mairie-bouchoir.fr\/wp-content\/uploads\/2023\/09\/monument_aux_morts_4-1536x1327.jpg 1536w, https:\/\/mairie-bouchoir.fr\/wp-content\/uploads\/2023\/09\/monument_aux_morts_4.jpg 1807w\" sizes=\"auto, (max-width: 1024px) 100vw, 1024px\" \/><\/figure>\n<\/figure>\n\n\n\n<p>Le monument am\u00e9ricain<\/p>\n\n\n\n<figure class=\"wp-block-gallery has-nested-images columns-default is-cropped wp-block-gallery-3 is-layout-flex wp-block-gallery-is-layout-flex\">\n<figure class=\"wp-block-image size-large\"><img loading=\"lazy\" decoding=\"async\" width=\"768\" height=\"1024\" data-id=\"164\" src=\"https:\/\/mairie-bouchoir.fr\/wp-content\/uploads\/2023\/09\/monument_americain--768x1024.jpg\" alt=\"\" class=\"wp-image-164\" srcset=\"https:\/\/mairie-bouchoir.fr\/wp-content\/uploads\/2023\/09\/monument_americain--768x1024.jpg 768w, https:\/\/mairie-bouchoir.fr\/wp-content\/uploads\/2023\/09\/monument_americain--225x300.jpg 225w, https:\/\/mairie-bouchoir.fr\/wp-content\/uploads\/2023\/09\/monument_americain-.jpg 935w\" sizes=\"auto, (max-width: 768px) 100vw, 768px\" \/><\/figure>\n\n\n\n<figure class=\"wp-block-image size-large\"><img loading=\"lazy\" decoding=\"async\" width=\"832\" height=\"824\" data-id=\"165\" src=\"https:\/\/mairie-bouchoir.fr\/wp-content\/uploads\/2023\/09\/monument_americain_casque.jpg\" alt=\"\" class=\"wp-image-165\" style=\"aspect-ratio:1;object-fit:contain\" srcset=\"https:\/\/mairie-bouchoir.fr\/wp-content\/uploads\/2023\/09\/monument_americain_casque.jpg 832w, https:\/\/mairie-bouchoir.fr\/wp-content\/uploads\/2023\/09\/monument_americain_casque-300x297.jpg 300w, https:\/\/mairie-bouchoir.fr\/wp-content\/uploads\/2023\/09\/monument_americain_casque-150x150.jpg 150w, https:\/\/mairie-bouchoir.fr\/wp-content\/uploads\/2023\/09\/monument_americain_casque-768x761.jpg 768w\" sizes=\"auto, (max-width: 832px) 100vw, 832px\" \/><\/figure>\n<\/figure>\n\n\n\n<p>Des vues de l&rsquo;\u00e9glise<\/p>\n\n\n\n<figure class=\"wp-block-gallery has-nested-images columns-default is-cropped wp-block-gallery-4 is-layout-flex wp-block-gallery-is-layout-flex\">\n<figure class=\"wp-block-image size-large\"><img loading=\"lazy\" decoding=\"async\" width=\"900\" height=\"675\" data-id=\"166\" src=\"https:\/\/mairie-bouchoir.fr\/wp-content\/uploads\/2023\/09\/eglise_bouchoir_1.jpg\" alt=\"\" class=\"wp-image-166\" srcset=\"https:\/\/mairie-bouchoir.fr\/wp-content\/uploads\/2023\/09\/eglise_bouchoir_1.jpg 900w, https:\/\/mairie-bouchoir.fr\/wp-content\/uploads\/2023\/09\/eglise_bouchoir_1-300x225.jpg 300w, https:\/\/mairie-bouchoir.fr\/wp-content\/uploads\/2023\/09\/eglise_bouchoir_1-768x576.jpg 768w\" sizes=\"auto, (max-width: 900px) 100vw, 900px\" \/><\/figure>\n\n\n\n<figure class=\"wp-block-image size-large\"><img loading=\"lazy\" decoding=\"async\" width=\"1024\" height=\"765\" data-id=\"171\" src=\"https:\/\/mairie-bouchoir.fr\/wp-content\/uploads\/2023\/09\/eglise_vitrail_1-1024x765.jpg\" alt=\"\" class=\"wp-image-171\" srcset=\"https:\/\/mairie-bouchoir.fr\/wp-content\/uploads\/2023\/09\/eglise_vitrail_1-1024x765.jpg 1024w, https:\/\/mairie-bouchoir.fr\/wp-content\/uploads\/2023\/09\/eglise_vitrail_1-300x224.jpg 300w, https:\/\/mairie-bouchoir.fr\/wp-content\/uploads\/2023\/09\/eglise_vitrail_1-768x573.jpg 768w, https:\/\/mairie-bouchoir.fr\/wp-content\/uploads\/2023\/09\/eglise_vitrail_1-1536x1147.jpg 1536w, https:\/\/mairie-bouchoir.fr\/wp-content\/uploads\/2023\/09\/eglise_vitrail_1-2048x1529.jpg 2048w\" sizes=\"auto, (max-width: 1024px) 100vw, 1024px\" \/><\/figure>\n\n\n\n<figure class=\"wp-block-image size-large\"><img loading=\"lazy\" decoding=\"async\" width=\"900\" height=\"620\" data-id=\"172\" src=\"https:\/\/mairie-bouchoir.fr\/wp-content\/uploads\/2023\/09\/eglise_bouchoir_2.jpg\" alt=\"\" class=\"wp-image-172\" srcset=\"https:\/\/mairie-bouchoir.fr\/wp-content\/uploads\/2023\/09\/eglise_bouchoir_2.jpg 900w, https:\/\/mairie-bouchoir.fr\/wp-content\/uploads\/2023\/09\/eglise_bouchoir_2-300x207.jpg 300w, https:\/\/mairie-bouchoir.fr\/wp-content\/uploads\/2023\/09\/eglise_bouchoir_2-768x529.jpg 768w\" sizes=\"auto, (max-width: 900px) 100vw, 900px\" \/><\/figure>\n\n\n\n<figure class=\"wp-block-image size-large\"><img loading=\"lazy\" decoding=\"async\" width=\"998\" height=\"1024\" data-id=\"173\" src=\"https:\/\/mairie-bouchoir.fr\/wp-content\/uploads\/2023\/09\/abbe_Lavallart-998x1024.jpg\" alt=\"\" class=\"wp-image-173\" srcset=\"https:\/\/mairie-bouchoir.fr\/wp-content\/uploads\/2023\/09\/abbe_Lavallart-998x1024.jpg 998w, https:\/\/mairie-bouchoir.fr\/wp-content\/uploads\/2023\/09\/abbe_Lavallart-292x300.jpg 292w, https:\/\/mairie-bouchoir.fr\/wp-content\/uploads\/2023\/09\/abbe_Lavallart-768x788.jpg 768w, https:\/\/mairie-bouchoir.fr\/wp-content\/uploads\/2023\/09\/abbe_Lavallart-1497x1536.jpg 1497w, https:\/\/mairie-bouchoir.fr\/wp-content\/uploads\/2023\/09\/abbe_Lavallart.jpg 1894w\" sizes=\"auto, (max-width: 998px) 100vw, 998px\" \/><\/figure>\n<\/figure>\n\n\n\n<h2 class=\"wp-block-heading\" id=\"a5\">Une description de l&rsquo;\u00e9glise en 1844<\/h2>\n\n\n\n<p>Ce qui suit provient du Site GALLICA de la Biblioth\u00e8que Nationale<br><br>L&rsquo;\u00e9glise de Bouchoir telle qu&rsquo;elle est d\u00e9crite en 1844 page 99 dans le livre : \u00ab\u00a0Biblioth\u00e8que historique, monumentale, eccl\u00e9sisatique et litt\u00e9raire de la Picardie et de l&rsquo;Artois\u00a0\u00bb publi\u00e9 par M.P ROGER membre de la Soci\u00e9t\u00e9 des Antiquaires de Picardie avec la collaboration de Mr le Comte d&rsquo;ALLONVILLE, Conseiller d&rsquo;\u00e9tat, ancien pr\u00e9fet de la Somme; de M. le Baron de HAUTECLOCQUE, ancien Maire d&rsquo;Arras; et de M. H DUSEVEL Inspecteur des Monuments Historiques de la Somme<br><br>XXXI. Eglise de Bouchoir. (arrondissement de Montdidier.) &#8211; Comme plusieurs autres \u00e9glises, celle de Bouchoir offre un m\u00e9lange confus de divers styles d&rsquo;architecture. Il est facile de reconna\u00eetre en l&rsquo;examinant avec un peu d&rsquo;attention, que le sanctuaire le ch\u0153ur et la crois\u00e9e sont d&rsquo;une \u00e9poque et la nef d&rsquo;un autre temps. Le ch\u0153ur remonte au commencement du 16\u00b0 si\u00e8cle et se termine, au dehors, en h\u00e9micycle. Ses fen\u00eatres \u00e9taient autrefois orn\u00e9es de verres de couleur. Il en reste seulement deux panneaux sur lesquels sont repr\u00e9sent\u00e9s un \u00e9v\u00e9que et St-Hubert. Le fond du dernier panneau laisse apercevoir une for\u00eat et un petit ch\u00e2teau gothique.<br><br>Renseignements communiqu\u00e9s par M. l&rsquo;Abb\u00e9 Coll\u00e9atre, desservant de Bouchoir.<\/p>\n\n\n\n<p><\/p>\n\n\n\n<h2 class=\"wp-block-heading\" id=\"a4\">Les cloches de notre \u00e9glise Saint Pierre<\/h2>\n\n\n<div class=\"wp-block-image\">\n<figure class=\"aligncenter size-large is-resized\"><img loading=\"lazy\" decoding=\"async\" src=\"https:\/\/mairie-bouchoir.fr\/wp-content\/uploads\/2023\/09\/eglise_angelus-1024x768.jpg\" alt=\"\" class=\"wp-image-167\" style=\"width:366px;height:275px\" width=\"366\" height=\"275\" srcset=\"https:\/\/mairie-bouchoir.fr\/wp-content\/uploads\/2023\/09\/eglise_angelus-1024x768.jpg 1024w, https:\/\/mairie-bouchoir.fr\/wp-content\/uploads\/2023\/09\/eglise_angelus-300x225.jpg 300w, https:\/\/mairie-bouchoir.fr\/wp-content\/uploads\/2023\/09\/eglise_angelus-768x576.jpg 768w, https:\/\/mairie-bouchoir.fr\/wp-content\/uploads\/2023\/09\/eglise_angelus-1536x1152.jpg 1536w, https:\/\/mairie-bouchoir.fr\/wp-content\/uploads\/2023\/09\/eglise_angelus.jpg 2048w\" sizes=\"auto, (max-width: 366px) 100vw, 366px\" \/><\/figure>\n<\/div>\n\n\n<h2 class=\"wp-block-heading\">Le cimeti\u00e8re<\/h2>\n\n\n\n<p>Il est situ\u00e9 rue des pr\u00eatres, appel\u00e9e ainsi car ce chemin se prolongeait jadis tout droit pour aller \u00e0 Erches, car aux temps anciens l&rsquo;\u00e9glise de Bouchoir \u00e9tait desservie par le Cur\u00e9 d&rsquo;Erches.<\/p>\n\n\n<div class=\"wp-block-image\">\n<figure class=\"aligncenter size-large is-resized\"><img loading=\"lazy\" decoding=\"async\" src=\"https:\/\/mairie-bouchoir.fr\/wp-content\/uploads\/2023\/09\/2016-06-07-cimetiere-1024x486.jpg\" alt=\"\" class=\"wp-image-183\" style=\"width:494px;height:234px\" width=\"494\" height=\"234\" srcset=\"https:\/\/mairie-bouchoir.fr\/wp-content\/uploads\/2023\/09\/2016-06-07-cimetiere-1024x486.jpg 1024w, https:\/\/mairie-bouchoir.fr\/wp-content\/uploads\/2023\/09\/2016-06-07-cimetiere-300x142.jpg 300w, https:\/\/mairie-bouchoir.fr\/wp-content\/uploads\/2023\/09\/2016-06-07-cimetiere-768x365.jpg 768w, https:\/\/mairie-bouchoir.fr\/wp-content\/uploads\/2023\/09\/2016-06-07-cimetiere.jpg 1196w\" sizes=\"auto, (max-width: 494px) 100vw, 494px\" \/><\/figure>\n<\/div>","protected":false},"excerpt":{"rendered":"<p>La Mairie Le groupe Cleophas Turcq, Maire de Bouchoir de 1906 \u00e0 1939, comprend la Mairie, l&rsquo;\u00e9cole et les logements des instituteurs. Le monument aux morts Le monument am\u00e9ricain Des vues de l&rsquo;\u00e9glise Une description de l&rsquo;\u00e9glise en 1844 Ce &hellip; <a href=\"https:\/\/mairie-bouchoir.fr\/?page_id=133\">Continuer la lecture <span class=\"meta-nav\">&rarr;<\/span><\/a><\/p>\n","protected":false},"author":2,"featured_media":0,"parent":115,"menu_order":0,"comment_status":"closed","ping_status":"closed","template":"onecolumn-page.php","meta":{"footnotes":""},"class_list":["post-133","page","type-page","status-publish","hentry"],"_links":{"self":[{"href":"https:\/\/mairie-bouchoir.fr\/index.php?rest_route=\/wp\/v2\/pages\/133","targetHints":{"allow":["GET"]}}],"collection":[{"href":"https:\/\/mairie-bouchoir.fr\/index.php?rest_route=\/wp\/v2\/pages"}],"about":[{"href":"https:\/\/mairie-bouchoir.fr\/index.php?rest_route=\/wp\/v2\/types\/page"}],"author":[{"embeddable":true,"href":"https:\/\/mairie-bouchoir.fr\/index.php?rest_route=\/wp\/v2\/users\/2"}],"replies":[{"embeddable":true,"href":"https:\/\/mairie-bouchoir.fr\/index.php?rest_route=%2Fwp%2Fv2%2Fcomments&post=133"}],"version-history":[{"count":16,"href":"https:\/\/mairie-bouchoir.fr\/index.php?rest_route=\/wp\/v2\/pages\/133\/revisions"}],"predecessor-version":[{"id":186,"href":"https:\/\/mairie-bouchoir.fr\/index.php?rest_route=\/wp\/v2\/pages\/133\/revisions\/186"}],"up":[{"embeddable":true,"href":"https:\/\/mairie-bouchoir.fr\/index.php?rest_route=\/wp\/v2\/pages\/115"}],"wp:attachment":[{"href":"https:\/\/mairie-bouchoir.fr\/index.php?rest_route=%2Fwp%2Fv2%2Fmedia&parent=133"}],"curies":[{"name":"wp","href":"https:\/\/api.w.org\/{rel}","templated":true}]}}