{"id":758,"date":"2024-03-01T17:28:38","date_gmt":"2024-03-01T16:28:38","guid":{"rendered":"https:\/\/mairie-bouchoir.fr\/?page_id=758"},"modified":"2024-03-01T17:33:47","modified_gmt":"2024-03-01T16:33:47","slug":"salle-polyvalente","status":"publish","type":"page","link":"https:\/\/mairie-bouchoir.fr\/?page_id=758","title":{"rendered":"Salle Polyvalente"},"content":{"rendered":"\n<p>La salle est mise \u00e0 disposition au tarif de 160 \u20ac pour les habitants de la Commune <br>et 220 \u20ac pour les particuliers domicili\u00e9s hors de la Commune.<br><br>S&rsquo;ajoute \u00e0 cela 0.15 \u20ac par Kwh consomm\u00e9.<br><br>Pour une location de courte dur\u00e9e ( type vin d&rsquo;honneur ), le prix est de 50 euros plus 0.15 \u20ac par Kwh consomm\u00e9.<br><br>Forfait pour le pr\u00eat de tables et chaises \u00e0 la convenance de l&#8217;emprunteur.<\/p>\n\n\n\n<p><\/p>\n","protected":false},"excerpt":{"rendered":"<p>La salle est mise \u00e0 disposition au tarif de 160 \u20ac pour les habitants de la Commune et 220 \u20ac pour les particuliers domicili\u00e9s hors de la Commune. S&rsquo;ajoute \u00e0 cela 0.15 \u20ac par Kwh consomm\u00e9. Pour une location de &hellip; <a href=\"https:\/\/mairie-bouchoir.fr\/?page_id=758\">Continuer la lecture <span class=\"meta-nav\">&rarr;<\/span><\/a><\/p>\n","protected":false},"author":2,"featured_media":0,"parent":0,"menu_order":0,"comment_status":"closed","ping_status":"closed","template":"","meta":{"footnotes":""},"class_list":["post-758","page","type-page","status-publish","hentry"],"_links":{"self":[{"href":"https:\/\/mairie-bouchoir.fr\/index.php?rest_route=\/wp\/v2\/pages\/758","targetHints":{"allow":["GET"]}}],"collection":[{"href":"https:\/\/mairie-bouchoir.fr\/index.php?rest_route=\/wp\/v2\/pages"}],"about":[{"href":"https:\/\/mairie-bouchoir.fr\/index.php?rest_route=\/wp\/v2\/types\/page"}],"author":[{"embeddable":true,"href":"https:\/\/mairie-bouchoir.fr\/index.php?rest_route=\/wp\/v2\/users\/2"}],"replies":[{"embeddable":true,"href":"https:\/\/mairie-bouchoir.fr\/index.php?rest_route=%2Fwp%2Fv2%2Fcomments&post=758"}],"version-history":[{"count":2,"href":"https:\/\/mairie-bouchoir.fr\/index.php?rest_route=\/wp\/v2\/pages\/758\/revisions"}],"predecessor-version":[{"id":763,"href":"https:\/\/mairie-bouchoir.fr\/index.php?rest_route=\/wp\/v2\/pages\/758\/revisions\/763"}],"wp:attachment":[{"href":"https:\/\/mairie-bouchoir.fr\/index.php?rest_route=%2Fwp%2Fv2%2Fmedia&parent=758"}],"curies":[{"name":"wp","href":"https:\/\/api.w.org\/{rel}","templated":true}]}}

<p>La salle est mise à disposition au tarif de 160 € pour les habitants de la Commune <br>et 220 € pour les particuliers domiciliés hors de la Commune.<br><br>S&rsquo;ajoute à cela 0.15 € par Kwh consommé.<br><br>Pour une location de courte durée ( type vin d&rsquo;honneur ), le prix est de 50 euros plus 0.15 € par Kwh consommé.<br><br>Forfait pour le prêt de tables et chaises à la convenance de l&#8217;emprunteur.</p>



<p></p>

<p>La salle est mise à disposition au tarif de 160 € pour les habitants de la Commune et 220 € pour les particuliers domiciliés hors de la Commune. S&rsquo;ajoute à cela 0.15 € par Kwh consommé. Pour une location de &hellip; <a href="https://mairie-bouchoir.fr/?page_id=758">Continuer la lecture <span class="meta-nav">&rarr;</span></a></p>
